 = -9*b**2 - 13*b - 11. Let k(w) = 5*d(w) + 7*z(w). Determine k(n).
3
Let x(z) = z**3 - 15*z**2 + z - 4. Let s be x(15). Let q(a) be the first derivative of 3*a**2/2 - 26*a - 91. Give q(s).
7
Let f(h) = -h + 8. Let v(s) = s**2 - 4*s + 25. Let g be v(9). Let x be (-7)/(g/15)*(-28)/6. What is f(x)?
1
Let j(z) = 2 - 1 - 3*z + 2*z. Suppose 14*k - 56 - 14 = 0. Suppose 3*i + 2*u + 0 = -7, -k*i = -5*u + 45. Give j(i).
6
Let h(u) = 11 - 5*u + 3*u + 5 - 7 - 1. Calculate h(9).
-10
Suppose 3*n = -2*g + 20, 4*n - 64 = g - 6*g. Let y be 76/g - (-2)/8. Suppose 4*b + 9 = -u + 35, 0 = y*u + 5*b - 55. Let f(d) = d**2 - 6*d + 4. What is f(u)?
4
Suppose -2*d = -5*a + 66, -187*d + 186*d - 24 = -4*a. Let q(g) = -g**2 - 47*g + 65. Determine q(d).
17
Let l(w) = 34 + 2*w**2 - 5*w**2 - 11*w + w**2 - 75*w - w**2. Give l(-29).
5
Let b(d) be the second derivative of d**3/6 + 2*d**2 + 9*d. Let v(f) = -2*f**3 - 25*f**2 - 48*f + 14. Let q be v(-10). What is b(q)?
-2
Let l(f) = -f**3 - 33*f**2 - 140*f + 5. Let z be l(-28). Let p(g) = 5*g**2 - 22*g - 5. Calculate p(z).
10
Let r(l) = 2*l**3 - 10*l**2 + 14*l - 28. Let b(k) = 123*k - 1472. Let x be b(12). Determine r(x).
-4
Let a be (-1101)/(-27) + (-4)/(-18). Let j(q) = q**3 + 7*q**2 + 6*q - 2. Let h be j(-7). Let w = h + a. Let c(t) = -t**3 - 2*t**2 + 3*t. Calculate c(w).
0
Suppose 0 = v - 0*v - 3. Let l(j) = j - 1. Let r(i) = -8. Let y be (-3 - (-11)/4)*4. Let k(x) = y*r(x) + 6*l(x). Determine k(v).
20
Let m(s) be the second derivative of 0 + 1/2*s**3 + 1/4*s**4 - 1/120*s**6 + 9*s - s**2 - 1/12*s**5. Let a(r) be the first derivative of m(r). Determine a(-6).
3
Let r(k) = 2*k - 4. Let v be r(4). Let s(p) = 7 + 2 - 2*p + v*p. Suppose 3*g = g + 3*d - 5, 0 = 3*g + 3*d + 30. Give s(g).
-5
Let i(q) = 12*q**3 + 7*q**2 - 3*q + 16. Let u(v) = 7*v**3 + 4*v**2 - 2*v + 9. Let n(a) = -4*i(a) + 7*u(a). Calculate n(-1).
0
Let s(w) = 22*w - 14. Let c(t) = 17*t - 17. Let x(o) = 5*c(o) - 4*s(o). Determine x(-8).
-5
Suppose 0 = -9*k + 13*k - 2*c - 68, -4*k + 66 = -c. Let t(n) be the first derivative of 8/3*n**3 - 1/4*n**4 - 9*n - k + 3/2*n**2. Give t(8).
15
Suppose 0 = -8*s + 9*s - 3. Let v(h) = -155*h + h**s - 156*h + 6 + 306*h + 5*h**2. Give v(-6).
0
Let g(l) = 2*l - 6. Let n(z) = 4*z - 7. Suppose -b - 21 = 5*a, -3*b = a - 8*b - 1. Let w(v) = a*g(v) + 3*n(v). Give w(-4).
-13
Suppose -a = v - 3*v + 14, -v - 5*a - 37 = 0. Let y(f) = -f + 13. Give y(v).
10
Let q(t) = -3*t + 39. Suppose -258*f - 472 = 35*f + 1872. Calculate q(f).
63
Let x(i) = i + 10. Let m = 304 + -190. Suppose -14 = 16*g + m. Give x(g).
2
Let f(d) = -23*d**2 - 261*d - 32. Let u(z) = 14*z**2 + 158*z + 19. Let p(o) = -8*f(o) - 13*u(o). Determine p(-17).
9
Let t(r) = -5*r - 29. Let x be t(-8). Let q(l) = -11*l + 64*l**3 - x*l**2 - 65*l**3 + 2*l + 5. Give q(-10).
-5
Let i(c) be the first derivative of c**4/4 + 8*c**3/3 + 5*c**2/2 - 2*c - 454. Let w(m) = -m**2 - 4*m - 1. Let n be w(-5). Calculate i(n).
40
Let j(h) be the third derivative of 1/60*h**5 + 0 + h**3 + 0*h - 11*h**2 + 1/12*h**4. Calculate j(0).
6
Let a be 497/1420*(-4 + -1 - -10)*-4. Let i(j) be the second derivative of j**5/20 + 7*j**4/12 - j**3/3 + 5*j**2/2 - 2*j. What is i(a)?
19
Let n(q) = 2*q + 3. Suppose -6*u = -3*u + 3*f - 18, -2*u + 12 = 4*f. Let m be 3/u + (-43)/(-2). Suppose m = 5*i - 2*a, 2*a + 22 = 4*i + 4. Calculate n(i).
11
Let p(d) be the first derivative of d**2/2 + 10*d + 642. Give p(3).
13
Suppose 0 = -c + 3*m - 7, -5*c - m - 5 = -18. Let r(b) be the first derivative of 1 + 8*b - 22*b + 10*b + c*b**2 + 0. Give r(4).
12
Let o(r) = 7*r**2 + 16*r - 35. Let b(z) = 13*z**2 + 27*z - 72. Let h(g) = -6*b(g) + 11*o(g). Determine h(17).
-4
Suppose -4*u = 3*g - 0*g - 95, -25 = -5*u. Suppose 2*z - g = -27. Let p(h) = -3*h + 1. Calculate p(z).
4
Let z be 74/10 + (-15)/(-25). Let f(l) = z + 3*l**3 + 11*l**2 + 12*l - 4*l**3 - 6. Suppose 2*t - 3*m - 33 = 0, 3*t + 5*m - 24 = m. Give f(t).
2
Let w(x) = x - 3. Let k(t) = t**3 - 8*t**2 + 5*t + 21. Let y be k(9). Suppose 3*f = 294 + y. Let m be 1218/f - (-2)/(-7). What is w(m)?
5
Let p(y) = -2*y - 1. Let n be (-13)/((-39)/126) + (-6)/3. Let f be 3/((-10)/(n/(-3))). What is p(f)?
-9
Let s(m) = 5*m**3 + 9*m**2 - m + 6. Let d(r) = -r**3 - r**2 + r - 1. Let b(p) = 4*d(p) + s(p). Suppose -73*w = -51*w + 44. Calculate b(w).
8
Let n be 9/(-3)*2*(-3)/9. Suppose 5*d + 17 = -n*j, -2*j + 3*d + 10 = -13. Let i = 0 - j. Let l(g) = 2*g**2 + 5*g - 1. Calculate l(i).
11
Suppose -2*f = 2*f - 12. Suppose -2*o - f*l = -0*o + 2, 3*o - 2*l = -3. Let u(t) be the third derivative of -t**5/60 - t**4/24 - 1203*t**2. Give u(o).
0
Suppose 59*a - 11*a = 192. Suppose -55*u + a = -53*u. Let j(y) = -2*y**3 - 2*y**2 + 3*y - 1. What is j(u)?
-19
Let s(h) be the third derivative of h**6/120 + h**5/10 + h**4/4 + 5*h**3/6 + 2*h**2 + 8. Suppose 0 = -156*d + 149*d - 35. Calculate s(d).
0
Let x(g) = 8*g**2 + 23*g + 13. Let m(i) = i**2 + i. Let q(t) = 3*m(t) + x(t). Determine q(-2).
5
Let v be 6/1 + -1 + 55/(-5). Let w(u) = -u**2 - 9*u - 22. Give w(v).
-4
Let v(f) = 174*f + 4*f**3 + 194*f - 372*f - 2 + 4*f**2 - 3*f**3. Give v(-5).
-7
Let m(b) = -b + 1. Suppose -8*t = -9*t - 120. Let k = -115 - t. What is m(k)?
-4
Let s(g) = 12*g + 1. Let q(h) = h**2 + 2*h + 34. Let b be q(-7). Suppose -3*m + b = 396. Let c = -110 - m. Calculate s(c).
-11
Let i(r) = 2*r - 12 + 5 - r**2 + 4 + 1 + 0*r. Calculate i(2).
-2
Let d(o) be the third derivative of -1/3*o**3 + 79*o**2 + 0*o + 0 + 1/24*o**4. What is d(4)?
2
Let s(f) = -5*f**3 + 17*f**2 - 27. Let l(y) = 9*y**3 - 32*y**2 + 2*y + 52. Let m(i) = 6*l(i) + 11*s(i). Determine m(-7).
29
Let b(u) be the second derivative of -u**6/72 + u**4/24 - u**3/6 + 77*u**2/2 + 96*u. Let v(h) be the second derivative of b(h). Calculate v(1).
-4
Let q(h) = -11*h**2 - 38 + 10*h**2 - 48 + 54198*h - 54216*h. What is q(-8)?
-6
Let y = 5368 - 5375. Let s(a) = 2*a**2 + 9*a - 10. Give s(y).
25
Let z = -542 - -543. Let o(m) = -7 + 17 - 4*m - 9*m. Let k be o(z). Let c(g) = -g**3 - 3*g**2 - 3*g + 2. Calculate c(k).
11
Let n(x) = x. Let r be -2*(-5 + 2)/6. Let k(o) = -5*o + 2. Let h(j) = r*k(j) + 6*n(j). What is h(5)?
7
Let a be (21/(-6))/(3 - 21/6). Suppose -12*i - 15 = -a*i. Let l(j) = -2*j - 4. Let r(s) = -2*s - 4. Let b(q) = -5*l(q) + 6*r(q). Determine b(i).
2
Suppose -4*n = 17*h - 21*h + 44, -11 = -h + 3*n. Let u(j) = h*j - 37*j + j**2 + 35*j. Determine u(-8).
-8
Let l(o) be the first derivative of o**4/12 + o**3/3 - 3*o**2/2 - 15*o + 66. Let f(g) be the first derivative of l(g). Give f(-4).
5
Let o(c) = -29*c + 173. Let p(i) = 2*i - 35. Let f(m) = o(m) + 7*p(m). What is f(-5)?
3
Let o = -2505 - -2507. Let r(m) be the third derivative of -m**4/12 + m**3/3 - 4*m**2. Determine r(o).
-2
Let r(l) = l**2 + 33. Let g = -3256 - -3256. Give r(g).
33
Let l(v) = 4*v - 16. Let f be -6*(-1)/2 + (10 - 8). Let m be 1*(78/9 + f/(-3)). What is l(m)?
12
Let k(d) = 2*d + 9. Let v(f) = -f - 5. Let s(w) = -3*k(w) - 5*v(w). Let h(p) = p**2 + 36*p + 295. Let l be h(-24). Calculate s(l).
-9
Let p(b) = b**3 + 6*b**2 - 33*b - 35. Let q be p(-9). Let x(d) = -22*d - q*d + 38*d - 1. Calculate x(-7).
20
Let o(a) = -2*a + 2*a + 19 - 7 - 5*a. Let k(b) = -5*b + 6. Let f(m) = 4*k(m) - 3*o(m). Calculate f(-5).
13
Let x be 6/(-10) - (-624)/40. Let i(y) = -x*y + 10*y + y + 5. Determine i(-4).
21
Let c(a) = 12*a + 117. Let f be c(-46). Let x = -441 - f. Let q(o) = o**3. Let v(z) = 5*z**3 - 4*z**2 + 8*z - 5. Let i(j) = 6*q(j) - v(j). Give i(x).
-19
Let g(u) = u - 106. Let b(w) = -6*w + 302. Let o(d) = -3*b(d) - 8*g(d). What is o(14)?
82
Let u(x) = x**3 - 2*x**2. Let b = 705 + -653. Let a be b/56 + (-2)/(-28). What is u(a)?
-1
Let m(q) = 32*q**3 - 29*q**2 - 17*q - 39. Let u(z) = 15*z**3 - 13*z**2 - 8*z - 18. Let i(b) = 8*m(b) - 17*u(b). Let o = 40 + -29. Give i(o).
-6
Suppose -2*p = 2*l - 44, 2*l = 4*p + l - 108. Let f(j) = j - p + 33 - 11. Give f(0).
-4
Let m = 8167 + -8156. Let v(n) = -n**3 + 11*n**2 - 2*n + 8. What is v(m)?
-14
Let t be ((-18)/(-6))/(27/288). Suppose 5*y = 15, -j - 2*y + 43 - 6 = 0. Suppose t = 9*i - j. Let n(h) = -h**3 + 7*h**2 - h + 4. What is n(i)?
-3
Let i(w) = -w**3 - 24*w**2 - 24*w - 34. Let j = -4727 + 4704. What is i(j)?
-11
Let p(b) = -2*b**3 + 109*b**2 + 109*b**2 - 19*b - 225*b**2 - 3. Let v(j) = -j**3 - 3*j*